mmon factor of 20086 and 16940.
242
Calculate the highest common factor of 6928 and 50.
2
Calculate the greatest common divisor of 8960 and 8720.
80
What is the greatest common divisor of 1677 and 5187?
39
Calculate the greatest common factor of 2987 and 255519.
29
What is the highest common divisor of 90 and 843180?
30
What is the highest common divisor of 62264 and 344?
344
Calculate the highest common factor of 1624754 and 116.
58
What is the highest common divisor of 575761 and 1629?
181
Calculate the highest common factor of 57353 and 415.
83
Calculate the greatest common divisor of 1827 and 1932.
21
What is the highest common divisor of 6014 and 1746?
194
Calculate the highest common factor of 45 and 21618.
9
Calculate the greatest common factor of 18355 and 5.
5
Calculate the greatest common factor of 3339 and 8001.
63
Calculate the greatest common factor of 632291 and 517.
517
Calculate the greatest common factor of 17350 and 1450.
50
What is the highest common factor of 2393989 and 13?
13
What is the greatest common divisor of 1903559 and 1737?
193
Calculate the greatest common divisor of 1167999 and 84.
21
Calculate the greatest common divisor of 4818 and 11.
11
What is the greatest common factor of 265524 and 42?
42
What is the highest common factor of 320 and 555720?
40
What is the greatest common factor of 175410 and 1260?
90
What is the highest common factor of 8852 and 10?
2
Calculate the highest common divisor of 376 and 220712.
376
Calculate the highest common divisor of 204 and 24768.
12
Calculate the greatest common divisor of 32 and 28351328.
32
Calculate the highest common factor of 2332 and 462.
22
What is the greatest common factor of 3009081 and 47?
47
Calculate the highest common divisor of 55540 and 820.
20
What is the greatest common factor of 335011 and 287?
41
What is the greatest common divisor of 106 and 82415?
53
Calculate the greatest common divisor of 1416 and 215409.
177
Calculate the highest common divisor of 2038905 and 495.
495
Calculate the greatest common factor of 313 and 908639.
313
Calculate the highest common factor of 192 and 1010832.
48
What is the highest common divisor of 292 and 479756?
292
What is the highest common divisor of 5777 and 2915?
53
What is the greatest common factor of 8667 and 547947?
963
Calculate the highest common factor of 9 and 1462887.
9
Calculate the highest common factor of 11284 and 56.
28
What is the highest common factor of 7170 and 380488?
478
What is the greatest common divisor of 225 and 21625?
25
What is the greatest common factor of 95 and 28443?
19
Calculate the highest common factor of 1332 and 8584.
148
What is the highest common divisor of 30 and 2809095?
15
What is the greatest common divisor of 8823 and 89787?
519
Calculate the highest common factor of 15399 and 4602.
177
What is the greatest common factor of 104 and 37817?
13
Calculate the highest common divisor of 378 and 28.
14
What is the greatest common factor of 95574 and 102?
102
What is the greatest common divisor of 610 and 1823900?
610
What is the highest common divisor of 1326 and 241111?
221
Calculate the highest common factor of 871 and 80990.
13
What is the highest common divisor of 811970 and 2?
2
Calculate the highest common factor of 666 and 31857.
111
Calculate the highest common divisor of 270696 and 24.
24
What is the greatest common divisor of 34 and 408017?
17
What is the greatest common divisor of 782 and 315422?
46
Calculate the highest common divisor of 254910 and 77430.
870
What is the greatest common divisor of 112445 and 7439?
43
What is the highest common factor of 3938645 and 85?
85
What is the greatest common divisor of 115101 and 145?
29
Calculate the highest common factor of 1956 and 4332.
12
Calculate the greatest common factor of 3 and 1882.
1
What is the greatest common divisor of 153028 and 268?
268
What is the highest common divisor of 43 and 1931861?
43
Calculate the greatest common factor of 16 and 9748.
4
Calculate the highest common divisor of 628857 and 432.
27
Calculate the highest common factor of 5016 and 627.
627
Calculate the greatest common divisor of 90 and 270945.
45
Calculate the greatest common divisor of 24163 and 1324.
331
What is the greatest common factor of 18 and 3284?
2
Calculate the greatest common factor of 2412 and 11820.
12
Calculate the highest common divisor of 2166855 and 285.
285
Calculate the highest common factor of 136170 and 53550.
1530
Calculate the highest common divisor of 24776 and 6080.
152
What is the greatest common factor of 195 and 368004?
39
What is the highest common factor of 64328 and 1032?
344
Calculate the highest common divisor of 686 and 46942.
98
Calculate the greatest common factor of 1537 and 2385.
53
Calculate the highest common divisor of 276352 and 816.
272
Calculate the highest common factor of 36048 and 48.
48
Calculate the greatest common divisor of 461612 and 148.
148
What is the greatest common factor of 2784 and 26?
2
What is the highest common factor of 15 and 1368?
3
Calculate the highest common divisor of 1875 and 325.
25
What is the highest common factor of 72 and 238092?
12
Calculate the greatest common divisor of 41 and 104837.
41
Calculate the highest common factor of 318075 and 285.
15
What is the greatest common factor of 10 and 443390?
10
What is the greatest common divisor of 185532 and 24?
12
What is the greatest common divisor of 123136 and 481?
481
What is the greatest common divisor of 132656 and 32?
16
What is the highest common divisor of 9819 and 3679943?
1091
Calculate the highest common divisor of 8758 and 377.
29
Calculate the greatest common divisor of 12362 and 2506.
14
Calculate the greatest common factor of 165880 and 174.
58
Calculate the greatest common factor of 1216 and 400786.
38
What is the greatest common divisor of 3698413 and 449?
449
Calculate the highest common divisor of 1310 and 20.
10
What is the highest common factor of 77238 and 126?
126
What is the greatest common divisor of 2790 and 286905?
465
What is the highest common divisor of 498944 and 768?
256
Calculate the highest common divisor of 1072973 and 253.
253
What is the highest common divisor of 1422 and 4345?
79
Calculate the highest common factor of 138 and 77050.
46
What is the greatest common factor of 464 and 19248?
16
Calculate the highest common divisor of 2401245 and 770.
385
What is the highest common divisor of 1999731 and 114?
57
What is the greatest common divisor of 922 and 3?
1
Calculate the highest common divisor of 41768 and 52.
4
What is the highest common factor of 9350 and 19822?
374
Calculate the greatest common divisor of 202 and 268862.
202
What is the highest common divisor of 60204 and 6?
6
Calculate the greatest common factor of 255778 and 2032.
254
Calculate the highest common factor of 90 and 15462.
18
What is the greatest common factor of 435 and 11475?
15
Calculate the greatest common divisor of 26 and 38324.
26
What is the highest common divisor of 198 and 255288?
66
What is the greatest common factor of 2310 and 957?
33
What is the highest common divisor of 165969 and 27?
27
What is the greatest common divisor of 156 and 134?
2
Calculate the greatest common factor of 90 and 111096.
18
Calculate the greatest common factor of 50 and 46710.
10
Calculate the greatest common factor of 91919 and 68.
17
What is the highest common factor of 198 and 245806?
22
Calculate the greatest common divisor of 5 and 4290.
5
What is the greatest common factor of 18330 and 290?
10
What is the highest common divisor of 111181 and 49?
49
Calculate the greatest common factor of 89 and 87.
1
Calculate the greatest common divisor of 44 and 104566.
22
Calculate the highest common factor of 65 and 54155.
5
Calculate the highest common divisor of 30 and 14924850.
30
What is the highest common factor of 108 and 11718?
54
What is the greatest common factor of 588 and 64974?
294
Calculate the highest common factor of 14 and 118559.
7
Calculate the highest common factor of 480 and 87744.
96
What is the greatest common factor of 297 and 1017?
9
What is the greatest common divisor of 110019 and 3906?
651
Calculate the highest common divisor of 2550 and 2200.
50
What is the greatest common factor of 16 and 40856?
8